 - ((-6 - 3 - -12) + -4).
-1
Calculate 8 + 0 - 1 - (1732 - 1699).
-26
What is 10 + 0 - (-29 - -8 - -20)?
11
What is -32 + (23 - -45) + -28?
8
Evaluate 18 + -10 + 5 + -11.
2
Calculate (16 - 36) + (3 - -39).
22
What is -5 + -2 + (10 - 2 - (4 + -11))?
8
What is the value of -22 + -2 - (75 - 109)?
10
Evaluate 144 + -140 + 2 + -8 + (1 - 0).
-1
What is -26 + (10 - -6) - -13?
3
Calculate -16 - (-7 + 9) - (-25 + 31).
-24
Calculate -17 + -6 + 25 + -1 + -10.
-9
What is the value of -25 + 20 + (16 - 22)?
-11
What is the value of (3 - (-6 + 8 + (-4 - 0))) + -2?
3
What is the value of -6 - ((11 - 8) + -3) - -11 - 7?
-2
(8 + -2 - 3) + -1 - (22 - 46)
26
-20 - (10 - (16 + 0))
-14
What is the value of 1269 - 1260 - ((-5 - -2) + 1)?
11
3 - (-1 - (5 + (-1 - (2 + 0))))
6
Calculate -28 + -8 + 13 + -8 - (-6 - -4).
-29
Evaluate 2 + -8 + 28 + -14.
8
-68 - -74 - (1 - 5 - (-8 + 5))
7
-4 + 3 + (1 - (-2 + (3 - -1)))
-2
Calculate 29 - -1 - 52 - 2.
-24
Calculate 2 + (21 - 16) + -30.
-23
What is the value of 680 + -679 - (0 - -19)?
-18
What is the value of 4 + (-3 - 16) + -9?
-24
What is -8 + (33 - -9) + -16?
18
What is the value of -1 - -12 - (44 - 33)?
0
Calculate 18 + -21 + 5 + -5.
-3
Evaluate -27 - (9 + -31) - (3 - -1) - 4.
-13
Calculate (-10 - -8 - 5 - -6) + 32 + 0.
31
What is the value of 43 + -11 + -46 + 24?
10
432 - 417 - (1 - (-3 + 3))
14
(-28 - (17 + -19)) + -3
-29
What is the value of -1 + (7 + -16 - (29 - (-6 - -6)))?
-39
-11 - (14 - ((9 - (1 - -12)) + 12))
-17
What is (35 - 18) + -2 + -24?
-9
(-1 - -14) + (15 - 5 - (-6 - -19))
10
-5 + 15 - (14 - 5)
1
Evaluate 20 + 188 + -180 + (0 - -3 - 16).
15
Evaluate 31 + (26 + -16 - (3 - (-4 + -8))).
26
Calculate 5 + 1 + 20 + -7.
19
What is the value of (15 - (-3 + (5 - (-1 - -5)))) + 4?
21
25 - 28 - -16 - (4 - 0)
9
6 + (-13 - (11 - 15))
-3
Evaluate (8 - 35) + 2 + -20 + 7.
-38
14 + -20 + (10 - (9 + -8))
3
Evaluate -32 - -26 - (-8 - 0).
2
What is the value of -18 + (17 - (5 - -5)) - -5 - 4?
-10
(-10 - -2) + (-5 - -27)
14
Evaluate 7 - -8 - 12 - -3 - 39.
-33
What is -10 - -2 - -2 - ((-10 - -4) + -4)?
4
What is -10 + (-41 - -22) + (18 - 0)?
-11
Calculate -14 + -16 + -57 + 88.
1
(0 - 2 - -7) + 26 + 0 + -33
-2
Calculate (86 - 18) + -5 + -22.
41
Evaluate -10 + -5 + (22 - 12).
-5
What is (-2 - (10 + -15 - -13)) + -8?
-18
What is 6 - (11 - 1 - (48 - 46))?
-2
What is (-56 - -28) + 24 + (-2 - -9)?
3
Evaluate -22 + 4 + 0 + -1 + 11.
-8
What is the value of -26 + (6 + 14 - 4)?
-10
What is the value of (-7 - -10) + -8 + (19 - (9 - 7))?
12
What is the value of 16 + (4 - -8 - 25) - 24?
-21
Evaluate (-15 - -1) + -27 + 44.
3
Calculate (-12 - (11 + -35 + 12)) + -6 - -13.
7
18 + (-4 - (2 + -10))
22
-58 - -78 - (3 - (-17 - 1))
-1
Evaluate 22 + -24 + 10 + -4.
4
What is the value of (41 + -5 - (8 + 5)) + -3?
20
Evaluate -14 + 1 + -24 - -21.
-16
What is the value of (11 + -19 - 23) + 15?
-16
Calculate -8 + (-10 - -12) + (-6 - 0).
-12
What is the value of -45 - (24 - 44 - 16)?
-9
What is 38 - (-1 + (-2 - (-31 - -16)))?
26
Evaluate 3 - 4 - (250 - 228).
-23
What is (-2 - (39 + -3)) + 23?
-15
Calculate (12 - 26 - -11) + (9 + 2 - -1).
9
What is the value of 8 - (9 + -6) - 12 - 5?
-12
What is the value of 2 - (-3 + 3) - (-35 + 42)?
-5
Calculate (-2 - -3 - (-2 + -10 - -5)) + 19.
27
-4 - (1 - (-15 + 14))
-6
-4 + (1 + -9 - -3 - (7 - 4))
-12
3 - 3 - (-32 - -43) - -2
-9
What is the value of 16 - (1 - 8 - (-142 - -104))?
-15
4 + (33 - 22) - (0 - -2 - -5)
8
Evaluate 141 + -133 - (-2 - -2).
8
What is the value of (21 + -4 - 3) + 1 - (-33 - -30)?
18
What is the value of (-1 - 2) + 0 + 3 + -2 + 2?
0
32 - 0 - (-16 + (-16 - (-53 + 26)))
37
Evaluate (-55 - -3) + 19 + 5.
-28
What is (328 - 321) + 1 + -2 + 2?
8
What is the value of 7 + (10 + -4 + (1 - 3) - 7)?
4
-1 + (-2 - 2) + (20 + -33 - -14)
-4
Evaluate 45 - ((47 - 76) + 39).
35
Calculate 1 - -1 - (30 + 8 + -42).
6
Calculate 8 + 11 - (64 - 20 - 16).
-9
What is the value of (-8 + (1 + -9 - -17) - -5) + 15?
21
What is 5 + (5 + -2 - (48 - 43))?
3
What is (6 - 21 - -10 - -5) + 2 + -13?
-11
Evaluate (49 - (24 + 8)) + -19.
-2
Calculate -30 + 9 + -20 + 33.
-8
What is (6 - 13) + 9 - (7 + -6)?
1
What is the value of (23 - (38 - 19)) + (4 - 0 - 2)?
6
Calculate (17 + -14 - (11 + -1)) + 4 + 11.
8
What is (31 - 18) + -7 - (1 - -15)?
-10
Calculate -25 + -13 + (18 - 1).
-21
Calculate 20 + (6 - (-8 + (27 - 6))).
13
(-1 - -6 - (-20 - -22)) + -5 - 6
-8
(-47 - -53) + (-17 - (0 + 0 + 0))
-11
What is the value of -13 - (-23 + 13) - 4 - -25?
18
Calculate 12 + (1 - (-7 - -15)).
5
What is the value of 13 - (12 - -3) - 21?
-23
Calculate 22 + (8 - -15) + -54.
-9
Calculate 19 - (60 - (2 + 25)).
-14
What is the value of 5 + -4 - ((3 - (6 - 2)) + -11)?
13
1 + 0 - (64 - (-39 + 86))
-16
-4 - (3 + -20 + -7 + 9)
11
Calculate (-2 - 10) + -5 + 22.
5
What is the value of 9 + -5 + (4 - -1)?
9
Calculate -4 + (-5 + 10 - (-7 + (-3 - -19))).
-8
Evaluate (0 - -1) + -21 + (-7 - -21).
-6
What is (4 - 21) + (0 - -2 - 1) + 4?
-12
What is the value of 2 + -1 + (-102 - -101)?
0
Evaluate -12 + -1 + (3 + 44 - 54).
-20
Evaluate 21 + -32 + -2 + -2.
-15
Calculate (10 - 5) + -2 - (-1 - (-5 + 7)).
6
What is the value of 19 - (38 - 16) - (-10 - 4 - 0)?
11
What is the value of 16 + (-19 - 2 - -12)?
7
What is the value of 2 - (9 - (-3 - 5 - -17)) - 4?
-2
What is 2 + 3 + -26 + 8 + 8 - -22?
17
34 - 32 - (-1 + -1)
4
What is -11 - (-7 + 2 + -18)?
12
29 + (-23 - 18) + (2 - 9)
-19
What is the value of (-3 - 5) + 0 - (-11 + 15)?
-12
-8 + (2 - 0 - -19 - (-123 + 121))
15
Calculate (14 - 8 - (2 + -8 - 0)) + 0.
12
Evaluate (-2 - -3 - -12) + (-41 - -43).
15
Calculate 12 + -7 - (13 + -7 + 3).
-4
2 - -6 - 0 - (3 - 1)
6
Calculate 5 + -14 - (-4 + -8).
3
Calculate 1 - (-2 - -23) - (15 - (43 - 22)).
-14
-8 + 2 + 1 + (-51 - -20) + 38
2
Evaluate (1 - 1 - -4) + (-227 - -233).
10
Calculate -19 - -13 - -1 - -7.
2
-9 - 6 - (-4 - 17)
6
What is the value of -33 - -27 - (5 - 2 - -2)?
-11
What is the value of 6 - (13 + (19 - (-10 + 58)))?
22
What is -7 + (-13 - 19 - -29)?
-10
What is 7 + (11 + -10 - 7)?
1
Evaluate 11 + (-11 - (-11 - -9)) + 1 + -5.
-2
25 + (-37 - (-45 + 37))
-4
-12 + 24 + 3 - (-12 - 2)
29
Calculate -46 + 18 - -47 - ((0 - 0) + -3).
22
What is -9 - (-3 + (-6 - -3))?
-3
What is 17 + (-26 - 12) - -8?
-13
Calculate -5 - (4 + -1 + 54 + -60).
-2
Evaluate (1 - -25) + 6 + 9 + -26.
15
9 + -3 + (-10 + 14 - 14)
-4
What is -2 + 7 - (4 + (-3 - (-16 - -5)))?
-7
What is the value of 2 + -3 - (-23 + 57 + -20)?
-15
Evaluate 183 - 180 - (13 + 1).
-11
-19 + (12 + -14 - -10)
-11
Evaluate -23 - -43 - (3 + -7).
24
2 + 23 - (386 - 355)
-6
Calculate (62 - 39) + -40 + 3.
-14
Calculate -18 + 26 - (-7 - -38) - 1.
-24
Evaluate 8 + -5 + -1 - (-2 + (0 - 0)).
4
Evaluate 1 - -1 - (-8 - -6).
4
Evaluate -3 + (1 - (1 + -1)) + 694 + -703.
-11
Evaluate 91 + -85 - (-2 - -2 - 0 - -3).
3
Calculate (-2 - -1) + 11 + -5 + -10.
-5
Calculate -1 + -1 + (8 - (27 + -26)).
5
Evaluate -1 + (3 - (3 + -6)) + -5.
0
What is -17 - (8 + 13 + 5 + -25)?
-18
What is -1 + -39 - (-18 - (-22 + (24 - 12)))?
-32
What is -11 - -1 - (-9 + (-9 - (-5 + 3)))?
6
3 + 0 + 17 + -16
4
Evaluate (-9 - 17) + -4 + 27.
-3
0 + -10 + -6 + -8 - -4
-20
What is -913 + 966 - (28 + -2)?
27
Calculate -26 - (2 - 26 - -11).
-13
What is 69 + (17 - 27) + -23?
36
What is the value of 29 - ((8 - 22) + 28)?
15
Calculate (-15 - -1) + (7 - 2) + 20.
11
What is 9 - (7 + -6 + 5 + (5 - 6))?
4
Evaluate -25 + 34 + (1 - 4).
6
What is the value of (0 - -10) + (33 - 42 - (1 + -5))?
5
What is the value of 37 + -7 + 27 + -33?
24
41 + -46 + (5 - 1) + (-3 - 7)
-11
What is 3 + 3 + -3 + 2?
5
Calculate -5 - 9 - -6 - -17.
9
Evaluate (-10 - -14 - 0 - 22) + 5.
-13
-9 - -18 - (3 - 9 - -13)
2
What is the value of 1 + -37 + (581 - 562)?
-17
What is -1 + 15 + -13 + -8?
-7
What is -5 + -3 - (-8 + 7 + 4 - 16)?
5
Calculate (6 - (-2 - -10)) + -9.
-11
Calculate -16 + (-4 - -10 - 5) - 5.
-20
Calculate -8 - (0 + -6 + 1 - 8) - -13.
18
Calculate 99 - 81 - (0 + 15).
3
Evaluate 59 + -87 + 4 + 13 + 1 + 3.
-7
-53 + 47 - (1 - 1) - -4
-2
What is -25 + 0 + 7 + 16?
-2
Calculate 0 + 0 - ((-14 - -9 - -13) + -14).
6
Calculate -16 + 8 + (-11 - -3) + 2.
-14
-29 + -25 + 39 + -8
-23
What is the value of 1 - 8 - (-70 - -68)?
-5
Evaluate 20 + (-12 - (4 + 10)).
-6
What is the value of (40 + -30 - (2 + 6 + -1)) + -11?
-8
Wha